{"id":5813,"date":"2016-02-03T12:31:17","date_gmt":"2016-02-03T11:31:17","guid":{"rendered":"http:\/\/vorschau-lust.greiter-it.de\/?page_id=5813"},"modified":"2016-02-22T10:36:02","modified_gmt":"2016-02-22T09:36:02","slug":"neues","status":"publish","type":"page","link":"http:\/\/www.reisebuero-lust.com\/?page_id=5813","title":{"rendered":"Jetzt NEU"},"content":{"rendered":"<section class=\"wpb_row vc_row-fluid \"><div class=\"wpb_column vc_column_container vc_col-sm-12\"><div class=\"wpb_wrapper\"><h2 class=\"mex-title\">Gutschein<\/h2>\n\t<div class=\"wpb_text_column wpb_content_element \">\n\t\t<div class=\"wpb_wrapper\">\n\t\t\t<p>Das ideale Geschenk f\u00fcr nahezu jeden Anla\u00df!<\/p>\n\n\t\t<\/div>\n\t<\/div>\n<\/div><\/div><\/section><section class=\"wpb_row vc_row-fluid \"><div class=\"wpb_column vc_column_container vc_col-sm-6\"><div class=\"wpb_wrapper\">\n\t<div class=\"wpb_single_image wpb_content_element vc_align_left\">\n\t\t<div class=\"wpb_wrapper\">\n\t\t\t\n\t\t\t<div class=\"vc_single_image-wrapper   vc_box_border_grey\"><img width=\"940\" height=\"570\" src=\"http:\/\/www.reisebuero-lust.com\/wp-content\/uploads\/2016\/02\/Gutschein-1024x621.png\" class=\"vc_single_image-img attachment-large\" alt=\"\" decoding=\"async\" loading=\"lazy\" srcset=\"http:\/\/www.reisebuero-lust.com\/wp-content\/uploads\/2016\/02\/Gutschein-1024x621.png 1024w, http:\/\/www.reisebuero-lust.com\/wp-content\/uploads\/2016\/02\/Gutschein-300x182.png 300w, http:\/\/www.reisebuero-lust.com\/wp-content\/uploads\/2016\/02\/Gutschein-768x466.png 768w, http:\/\/www.reisebuero-lust.com\/wp-content\/uploads\/2016\/02\/Gutschein.png 1220w\" sizes=\"(max-width: 940px) 100vw, 940px\" \/><\/div>\n\t\t<\/div>\n\t<\/div>\n<\/div><\/div><div class=\"wpb_column vc_column_container vc_col-sm-6\"><div class=\"wpb_wrapper\">\n\t<div class=\"wpb_text_column wpb_content_element \">\n\t\t<div class=\"wpb_wrapper\">\n\t\t\t<p>Der Geschenk-Gutschein<br \/>\nvon LUST Reisen.<\/p>\n<p>Ab sofort erh\u00e4ltlich!<\/p>\n<p>&nbsp;<\/p>\n<p>Rufen Sie an unter:<br \/>\nTel.: 06163 &#8211; 91 222-0<\/p>\n\n\t\t<\/div>\n\t<\/div>\n<\/div><\/div><\/section>\n","protected":false},"excerpt":{"rendered":"Gutschein Das ideale Geschenk f\u00fcr nahezu jeden Anla\u00df! Der Geschenk-Gutschein von LUST Reisen. Ab sofort erh\u00e4ltlich! &nbsp; Rufen Sie an unter: Tel.: 06163 - 91 222-0","protected":false},"author":1,"featured_media":0,"parent":0,"menu_order":0,"comment_status":"closed","ping_status":"closed","template":"","meta":[],"_links":{"self":[{"href":"http:\/\/www.reisebuero-lust.com\/index.php?rest_route=\/wp\/v2\/pages\/5813"}],"collection":[{"href":"http:\/\/www.reisebuero-lust.com\/index.php?rest_route=\/wp\/v2\/pages"}],"about":[{"href":"http:\/\/www.reisebuero-lust.com\/index.php?rest_route=\/wp\/v2\/types\/page"}],"author":[{"embeddable":true,"href":"http:\/\/www.reisebuero-lust.com\/index.php?rest_route=\/wp\/v2\/users\/1"}],"replies":[{"embeddable":true,"href":"http:\/\/www.reisebuero-lust.com\/index.php?rest_route=%2Fwp%2Fv2%2Fcomments&post=5813"}],"version-history":[{"count":6,"href":"http:\/\/www.reisebuero-lust.com\/index.php?rest_route=\/wp\/v2\/pages\/5813\/revisions"}],"predecessor-version":[{"id":5954,"href":"http:\/\/www.reisebuero-lust.com\/index.php?rest_route=\/wp\/v2\/pages\/5813\/revisions\/5954"}],"wp:attachment":[{"href":"http:\/\/www.reisebuero-lust.com\/index.php?rest_route=%2Fwp%2Fv2%2Fmedia&parent=5813"}],"curies":[{"name":"wp","href":"https:\/\/api.w.org\/{rel}","templated":true}]}}